{"id":941,"date":"2013-12-01T01:27:02","date_gmt":"2013-12-01T01:27:02","guid":{"rendered":"http:\/\/wpexplorer-demos.com\/?page_id=941"},"modified":"2026-04-23T09:00:06","modified_gmt":"2026-04-23T06:00:06","slug":"info","status":"publish","type":"page","link":"https:\/\/jyvaskeskus.fi\/index.php\/info\/","title":{"rendered":"Info"},"content":{"rendered":"[vc_row bg_style=&#8221;stretch&#8221;][vc_column]<div class=\"vcex-module vcex-heading wpex-text-2xl wpex-font-normal wpex-m-auto wpex-max-w-100 vcex-heading-plain wpex-block wpex-text-center\" style=\"font-size:4em;\"><span class=\"vcex-heading-inner wpex-inline-block wpex-clr\">Kauppakeskus Jyv\u00e4skeskus, Jyv\u00e4skyl\u00e4<\/span><\/div>[\/vc_column][\/vc_row][vc_row bg_style=&#8221;stretch&#8221;][vc_column width=&#8221;1\/3&#8243;][vc_column_text color=&#8221;#333333&#8243; font_size=&#8221;1.2em&#8221;]\n<h4 class=\"p1\"><strong>Kauppakeskus Jyv\u00e4skeskus<\/strong><\/h4>\n<p class=\"p1\">Kauppakatu 29-31, 40100 JYV\u00c4SKYL\u00c4<\/p>\n[\/vc_column_text][vc_column_text color=&#8221;#333333&#8243; font_size=&#8221;1.2em&#8221;]\n<p class=\"p1\">Jyv\u00e4skeskus on kauppakeskus keskell\u00e4 Jyv\u00e4skyl\u00e4n ydinkeskustaa. Vilkkaan k\u00e4velykadun varrella sijaitseva Jyv\u00e4skeskus on enemm\u00e4n kuin perinteinen kauppakeskus. Jyv\u00e4skeskus on palvelukokonaisuus, josta l\u00f6yd\u00e4t monipuolisten liikkeiden lis\u00e4ksi elokuvateatterit, ravintolat sek\u00e4 erilaiset asiantuntijapalvelut. Viihtyis\u00e4ss\u00e4 milj\u00f6\u00f6ss\u00e4 nautit ostosten tekemisest\u00e4 ja vapaa-ajasta.<\/p>\n[\/vc_column_text][vc_column_text color=&#8221;#333333&#8243; font_size=&#8221;1.2em&#8221;]\n<p><span style=\"font-weight: 400;\">\u00a0<\/span>[\/vc_column_text][vc_column_text font_size=&#8221;1.2em&#8221;]<strong>L\u00f6yt\u00f6tavarat:<\/strong> (Securitas) Puh.\u00a0<span class=\"baec5a81-e4d6-4674-97f3-e9220f0136c1\">+358 (0)40 676 5099\u00a0<\/span>(ma &#8211; la klo 08.00 &#8211; 18.00 ja su klo 12.00 &#8211; 18.00)<\/p>\n<p><strong>Is\u00e4nn\u00f6inti:<\/strong> salla.passi@bn.fi[\/vc_column_text][vc_column_text]\n<div class=\"column\">\n<h4>Asiakas WC ja Lastenhoitohuone<\/h4>\n<p><span class=\"thin-font\">Jyv\u00e4skeskuksen asiakas WC, inva-WC ja lastenhoitohuone sijaitsevat kauppakeskuksen 1.kerroksessa.<\/span><\/p>\n<h4><\/h4>\n<h4><span style=\"font-size: 1.231em;\">Pys\u00e4k\u00f6inti<\/span><\/h4>\n<\/div>\n<p>Kauppakeskus Jyv\u00e4skeskuksen pys\u00e4k\u00f6intihallin operoinnista vastaa 1\/2026 alkaen Aimo Park Finland. Pys\u00e4k\u00f6intihallissa on k\u00e4yt\u00f6ss\u00e4 puomiton Aimo Park Easy -kameraj\u00e4rjestelm\u00e4 16.2.2026 alkaen. Kamerat tunnistavat ajoneuvon rekisteritunnuksen sis\u00e4\u00e4n- ja ulosajon yhteydess\u00e4, ja pys\u00e4k\u00f6inti k\u00e4ynnistyy sek\u00e4 p\u00e4\u00e4ttyy automaattisesti.<\/p>\n<p><strong>Hinnasto:<\/strong><br \/>\n&#8211; 1,50 \u20ac \/ ensimm\u00e4iset 3 tuntia<br \/>\n&#8211; 3 \u20ac \/ alkava 60 min (3 tunnin j\u00e4lkeen)<br \/>\n&#8211; Y\u00f6n yli pys\u00e4k\u00f6inti 3 \u20ac \/ alkava tunti<br \/>\n&#8211; Sunnuntaisin pys\u00e4k\u00f6inti on maksutonta kauppakeskuksen aukioloaikoina<\/p>\n<p><strong>Maksutavat:<\/strong><br \/>\nAimo-sovellus, EasyPark, ParkMan, maksuautomaatti sek\u00e4 j\u00e4lkimaksu Aimo Park Easy -palvelussa.<\/p>\n<p><span class=\"thin-font\">S\u00e4hk\u00f6autoille:<\/span><br \/>\n<span class=\"thin-font\">Parkkihallissa on 6 kpl 22kW Plugit-latauspisteit\u00e4.<\/span><\/p>\n<p><span class=\"thin-font\">Hallin sis\u00e4\u00e4najokorkeus:<\/span><br \/>\n<span class=\"thin-font\">Ylempi taso 2,10m<\/span><br \/>\n<span class=\"thin-font\">Alempi taso 1,90m<\/span><\/p>\n<p>Yhteystiedot: info@aimopark.fi<\/p>\n<h4><span class=\"thin-font\">Julkinen liikenne<\/span><\/h4>\n<p><span class=\"thin-font\">Jyv\u00e4skyl\u00e4n paikallisliikenteen linja-autopys\u00e4kit ovat Vapaudenkadulla, josta p\u00e4\u00e4set Jyv\u00e4skeskukseen kauppakeskus Forumin kautta tai Asemakatua pitkin.\u00a0Junat ja pitk\u00e4nmatkan linja-autot saapuvat Matkakeskukseen.<\/span><\/p>\n<h4><span class=\"thin-font\">Kartta ja ajo-ohjeet<\/span><\/h4>\n<p><span class=\"thin-font\">Jyv\u00e4skeskus sijaitsee aivan Jyv\u00e4skyl\u00e4n ydinkeskustassa Kompassiaukiolla Kauppakadun ja Asemakadun risteyksess\u00e4. Sis\u00e4\u00e4nk\u00e4ynti kauppakeskukseen on Kauppakadun, Asemakadun ja Telefoonikujan puolelta.<\/span>[\/vc_column_text][vc_row_inner][vc_column_inner][\/vc_column_inner][\/vc_row_inner][\/vc_column][vc_column width=&#8221;1\/3&#8243;][vc_column_text color=&#8221;#333333&#8243; font_size=&#8221;1.2em&#8221;]\n<h4><strong>Aukioloajat<\/strong><\/h4>\n<p>Ma-La\u00a008.30-22<br \/>\nSu\u00a012-22<strong>\u00a0<\/strong>[\/vc_column_text][vc_column_text color=&#8221;#333333&#8243; font_size=&#8221;1.2em&#8221;]\n<h4><strong>Poikkeusaukioloajat:<\/strong><\/h4>\n<p>Vappuaatto to 30.4. klo 8.30-22<br \/>\nVappup\u00e4iv\u00e4 pe 1.5. klo 8.30-23<br \/>\nLauantai 2.5. klo 8.30-23<br \/>\nSunnuntaina 3.5. klo 11-22[\/vc_column_text][\/vc_column][vc_column width=&#8221;1\/3&#8243;][vc_row_inner][vc_column_inner][\/vc_column_inner][\/vc_row_inner][vc_row_inner][vc_column_inner][vc_single_image image=&#8221;5148&#8243;][\/vc_column_inner][\/vc_row_inner][\/vc_column][\/vc_row][vc_row bg_style=&#8221;stretch&#8221; border_style=&#8221;solid&#8221; padding_top=&#8221;30px&#8221;][vc_column width=&#8221;3\/4&#8243; style=&#8221;default&#8221; bg_style=&#8221;stretch&#8221; padding_left=&#8221;15px&#8221;][\/vc_column][\/vc_row]\n","protected":false},"excerpt":{"rendered":"<p>[vc_row bg_style=&#8221;stretch&#8221;][vc_column][\/vc_column][\/vc_row][vc_row bg_style=&#8221;stretch&#8221;][vc_column width=&#8221;1\/3&#8243;][vc_column_text color=&#8221;#333333&#8243; font_size=&#8221;1.2em&#8221;] Kauppakeskus Jyv\u00e4skeskus Kauppakatu 29-31, 40100 JYV\u00c4SKYL\u00c4 [\/vc_column_text][vc_column_text color=&#8221;#333333&#8243; font_size=&#8221;1.2em&#8221;] Jyv\u00e4skeskus on kauppakeskus keskell\u00e4 Jyv\u00e4skyl\u00e4n ydinkeskustaa. Vilkkaan k\u00e4velykadun varrella sijaitseva Jyv\u00e4skeskus on enemm\u00e4n kuin perinteinen kauppakeskus. Jyv\u00e4skeskus on palvelukokonaisuus, josta l\u00f6yd\u00e4t monipuolisten liikkeiden lis\u00e4ksi elokuvateatterit,&hellip;<\/p>\n","protected":false},"author":1,"featured_media":0,"parent":0,"menu_order":0,"comment_status":"closed","ping_status":"closed","template":"","meta":{"footnotes":""},"class_list":["post-941","page","type-page","status-publish","hentry","entry","no-media"],"pp_force_visibility":null,"pp_subpost_visibility":null,"pp_inherited_force_visibility":null,"pp_inherited_subpost_visibility":null,"_links":{"self":[{"href":"https:\/\/jyvaskeskus.fi\/index.php\/wp-json\/wp\/v2\/pages\/941","targetHints":{"allow":["GET"]}}],"collection":[{"href":"https:\/\/jyvaskeskus.fi\/index.php\/wp-json\/wp\/v2\/pages"}],"about":[{"href":"https:\/\/jyvaskeskus.fi\/index.php\/wp-json\/wp\/v2\/types\/page"}],"author":[{"embeddable":true,"href":"https:\/\/jyvaskeskus.fi\/index.php\/wp-json\/wp\/v2\/users\/1"}],"replies":[{"embeddable":true,"href":"https:\/\/jyvaskeskus.fi\/index.php\/wp-json\/wp\/v2\/comments?post=941"}],"version-history":[{"count":75,"href":"https:\/\/jyvaskeskus.fi\/index.php\/wp-json\/wp\/v2\/pages\/941\/revisions"}],"predecessor-version":[{"id":5827,"href":"https:\/\/jyvaskeskus.fi\/index.php\/wp-json\/wp\/v2\/pages\/941\/revisions\/5827"}],"wp:attachment":[{"href":"https:\/\/jyvaskeskus.fi\/index.php\/wp-json\/wp\/v2\/media?parent=941"}],"curies":[{"name":"wp","href":"https:\/\/api.w.org\/{rel}","templated":true}]}}